603. Is z a composite number?
False
Suppose 5*u = 15, -u = 3*h + 4*u - 135. Suppose 0 = -p + 14 + 59. Let a = p - h. Is a a composite number?
True
Let l = -7887 + 155860. Is l a composite number?
True
Suppose -2*k = 8*c - 3*c - 75779, -c - 5*k + 15142 = 0. Is c prime?
False
Let r(v) = 141*v**2 - 8*v - 4. Let g(o) = 281*o**2 - 17*o - 8. Let u(z) = -2*g(z) + 5*r(z). Is u(-1) a composite number?
True
Suppose -4*g - 29858 = -2*a, 3*a - 18494 - 26281 = 2*g. Is a composite?
False
Let u = 63 - 66. Let q(h) = 75*h**2 + 5*h + 7. Is q(u) a composite number?
True
Suppose 9*f = 3*u + 7*f - 17319, -4*f = 0. Is u prime?
False
Let z be ((-12)/15)/(-1 + 746/750). Suppose 3*r - z - 21 = 0. Is r composite?
True
Let h = 71 - -113. Suppose 0 = -i - 3*i + h. Suppose 252 + i = 2*b. Is b composite?
False
Let u be 1/2 - 9/(-6). Let n(m) = -1 - 6*m**u + 5*m**2 + 47*m**3 - 2*m + 3*m**2. Is n(2) composite?
False
Is (-4)/10*(35165375/10)/(-35) a prime number?
True
Suppose 2*v + 0*p - 4*p - 3024 = 0, 0 = p - 3. Suppose 5*q + q - v = 0. Is q a composite number?
True
Let z(n) be the third derivative of 107*n**5/60 - n**3 - 2*n**2. Is z(2) a prime number?
False
Let y(o) = -15*o - 86. Let k be y(-6). Is (-1)/((-6 + k)/1436) a composite number?
True
Let g = -3318 + 6455. Is g a prime number?
True
Suppose -4*q - 5152 = -4*f + 7*f, 5*f + 8602 = q. Is f/(-30) - 2/6 a composite number?
True
Let i(g) = -2*g**3 + 2*g**2 - 4*g + 5. Let h be i(-5). Let q = h + -182. Is q prime?
False
Let t = 5662 + 7165. Is t composite?
True
Let b = -7 - -12. Suppose 2*p = -2*s + 1950, -b*p + 0*s + 4835 = -5*s. Is p prime?
True
Let l(n) = 18*n**3 - 9*n**2 - 10*n + 10. Let p be l(-5). Let i = p + 3418. Is i a prime number?
False
Suppose -o + 10321 = -5*r, 5*o - 40549 = -3*r + 10944. Is o a composite number?
False
Let l = 2 - -1. Suppose m - 2*x = 0, -l*x - 24 = 2*m - 10. Is (-326)/m + 4/8 a prime number?
False
Let o(n) = -n**3 - 4*n**2 + 3*n + 12. Let d be o(-4). Let k = d - -49. Is k a composite number?
True
Suppose 2*b - 3*n - 2*n = 26, 5*n = -4*b - 8. Suppose -z = -3, 0*x - 5*x + 2*z = -754. Suppose -2*a + x - 18 = -4*m, 0 = b*m. Is a a composite number?
False
Let n(z) = 7 + 31*z - 1 - 13 - 18. Is n(9) prime?
False
Suppose 3*m - 3*n = 31269, -4*n + 52097 = 5*m - 0*m. Is m a composite number?
True
Suppose 0*f + 4 = -2*f, -r + 11 = -f. Suppose -r*y = -11*y + 1282. Is y a prime number?
True
Let l(u) = -3860*u - 7. Let t be l(-2). Suppose -5*z - 2*n = -t, 2*z + 0*n = 3*n + 3089. Is z a composite number?
False
Suppose 10 = 2*f + 20. Let j(g) = -g - 5. Let u be j(f). Suppose u = -0*b + b - 161. Is b composite?
True
Suppose 4 + 2 = 2*y. Let z be (-4 + 3)*y*-2. Let f(i) = -i**3 + 6*i**2 + 7*i + 4. Is f(z) prime?
False
Suppose 3*q - 352488 = 3*r, 0 = -4*q + r - 90489 + 560476. Is q a composite number?
False
Suppose -22*y - 4795 = -116313. Is y a composite number?
True
Suppose z + 5*d - 6 = 10, -4*z = -3*d + 28. Is (-2913)/(-5) - z/10 prime?
False
Let d(n) = 572*n**2 + n + 10. Is d(3) a composite number?
True
Suppose 5*s - f = 8146 + 957, -5*f + 10 = 0. Is s a prime number?
False
Let m = -1320 + 2283. Suppose 0 = -9*v + 10*v - 25. Suppose v = -2*l + m. Is l prime?
False
Suppose 3*z - 44 = -4*f, 3*f + 42 = 4*z - 0*f. Let s be (-8)/z - 4/(-6). Is -223*(-1 + s/(-3)) prime?
True
Let b be ((-15)/(-6) + -2)*38. Suppose 0 = -3*f + y + 5, -2*f = 3*f + y - b. Suppose f*i + 143 - 416 = 0. Is i prime?
False
Let j(u) = 2*u**3 - u**2 - u + 2. Let k be j(-2). Let p = 12 + k. Let d(z) = 11*z**2 + 3*z - 3. Is d(p) a composite number?
True
Suppose 12*w + 5*s + 63758 = 16*w, -w + 15947 = -5*s. Is w a prime number?
True
Let x(c) be the second derivative of 53*c**5/20 - c**4/3 + 2*c**3/3 - 5*c**2 + 27*c. Is x(3) prime?
False
Let z be (1/3 - (-32)/(-24))*-408. Suppose 0 = -8*h + 2192 - z. Is h prime?
True
Suppose -5*z = 2*f - 6*f + 6108, -3*f = z - 4600. Is f/5 - 27/(-45) a composite number?
False
Suppose 2*h - 5*p = 234202, 121*h - 126*h = -4*p - 585505. Is h a prime number?
True
Suppose x + 1 - 2 = 0. Let g(z) be the first derivative of 519*z**2/2 + 2*z - 75. Is g(x) prime?
True
Suppose 0 = -3*k - 44 - 7. Let w = -12 - k. Suppose 804 = w*y - y. Is y a composite number?
True
Suppose -4*w = -0*w + 548. Let d = 342 + w. Suppose 3*x = i - x - d, 4*i - 820 = x. Is i prime?
False
Suppose 5 = i + 13. Is i/(-12) + 379/3 prime?
True
Suppose -9*c = -4*c - 25. Let a = -2 + c. Suppose -g + a*g = 2*k + 82, -5*g - 2*k + 177 = 0. Is g prime?
True
Suppose 2*v + 5*l = l + 23458, 3*v - l - 35194 = 0. Is v prime?
True
Let t = 7 + -16. Let j = t - -14. Suppose -3*g = j*n - 247 + 53, 28 = n - 3*g. Is n a composite number?
False
Suppose d = 4*h - 4, 0 = 4*d - 0*h + 4*h - 4. Suppose -5*f + 2241 = -4*b, 1 = b - d. Is f a composite number?
False
Let d(r) = 6 - 6*r - 12*r + 21*r - 8*r**2 + 30*r**2. Is d(-5) a prime number?
True
Let v be 1/2*(3 + -191). Let g = v - 68. Is 1*-1 + (6 - g) a prime number?
True
Let k(q) = q + 10. Let a be k(-10). Suppose -5*y = -a*y. Suppose y = 7*w - 6*w - 59. Is w a composite number?
False
Suppose 2*d + 3*o - 77055 = 0, d - o - 15268 - 23252 = 0. Is d prime?
False
Suppose 0 = -5*n + 5*q + 22 + 23, n + 1 = -q. Suppose 0 = -t - n*t + 265. Let y = t - 19. Is y a prime number?
False
Suppose -2*m + 7342 = -2*b - 13766, -3*m - b + 31682 = 0. Is m composite?
False
Let d(m) = 1454*m - 89. Is d(2) a prime number?
True
Suppose -8*x + 3*x + 64645 = 0. Is x prime?
False
Suppose -2*s + 18 = -2*k, -s + 1 - 12 = k. Is -365*((-26)/k + 0 + -3) composite?
True
Let m = 10 + -10. Suppose -r = m, -2 = -2*c - r + 6*r. Is -1 - c - (-18 - -5) prime?
True
Let m(b) be the first derivative of -b**2/2 + 2. Let i(y) = 68*y + 17. Let v(x) = -i(x) + m(x). Is v(-10) prime?
True
Suppose 4*k - 16 = 6*j - 10*j, 0 = 4*j - 5*k + 20. Is 1*2 - (-497 + -3 - j) a prime number?
False
Suppose -w + 3 = -4. Suppose w*d - 11*d + 4196 = 0. Is d a prime number?
True
Let m = -316 - -527. Is m composite?
False
Suppose -4*a + 174121 = 3*m + 48044, -m = -5*a + 157620. Is a a composite number?
True
Let i(f) = 2*f - 4. Let w be i(2). Suppose 4*c - 122 - 186 = w. Is c a composite number?
True
Suppose 0 = 20*c + 3*c - 2695991. Is c composite?
True
Suppose a + 5*f - 3319 = 3695, 0 = 2*a - 4*f - 13986. Is a a composite number?
True
Let y(w) = -w**3 - 11*w**2 + 12*w + 5. Let b be y(-12). Suppose -b*d - 3*k + 8359 = 0, -d + 5*k = -0*d - 1683. Is d prime?
False
Suppose -8*k - 6 = -6*k. Is (35/10 + k)*1*106 composite?
False
Suppose -4*z - 3054 = -7*z. Is z a composite number?
True
Suppose -4*k = -5*t - 76, 2*t - 3*k + 17 + 19 = 0. Let c = 12 + t. Is 90 + -10 + (c - 1) prime?
True
Let v(q) = -q - 3. Let m be v(-8). Suppose 3*x + 3*t = 36, m*x - 2*t = -t + 48. Let h = x - -57. Is h a composite number?
False
Let d(w) = -14*w + 3071. Is d(0) prime?
False
Let n = 39299 - 19776. Is n prime?
False
Let a(h) = h**3 + 18*h**2 + 7*h - 11. Let c(j) = -3*j**2 - 10*j - 4. Let w be c(-4). Is a(w) composite?
False
Let f(s) = s**3 - 9*s**2 - 10*s + 2. Let n be f(10). Let i be (-1)/1 + 1812/n. Suppose 5*a + 360 = 2*d + 4*a, 5*d - i = 5*a. Is d composite?
False
Let m = 103 + -99. Suppose 3*x = -m*f + 265, 5*x = -0*x + 5*f + 465. Is x a prime number?
False
Let l(x) = -11*x**3 + 2. Let w be l(-2). Let f = 187 - w. Is f a composite number?
False
Suppose 5*o + 2*n - n - 20875 = 0, -4*o - 3*n + 16700 = 0. Let p = 5916 - o. Is p prime?
True
Suppose 2*l + 4 - 28 = 0. Let r be 3/(l/632) - 0. Is (-1)/((-2)/r - 0) prime?
True
Suppose -3*i + 40619 = -4*s, -4*i - 2*s + 54144 = -0*i. Is i prime?
True
Let i = 8725 + 10914. Is i prime?
False
Let s be 240/14 - (-3)/(-21). Let q = s - -40. Suppose 3*n + h - q = 2*n, -5*n + 277 = h. Is n prime?
False
Suppose -13*u - 40 = -9*u. Suppose -c - 26 + 608 = 0. Is c/4 - 5/u a composite number?
True
Let f = 1293 + -22. Is f a prime number?
False
Let t = -227 + 5. Let f = -678 - t. Let p = -79 - f. Is p a composite number?
True
Let o be (-48)/(-30) - 6/(-15). Suppose -4*y + o*u + 3769 - 531 = 0, 2*y = -4*u + 1614. Is y a composite number?
False
Let d(j) = -j**2 - 3*j + j - 3 - 2*j + 1 - 115*j**3. Let p be d(-1). Suppose i - 3*n - 3 = p, -159 = -i - 5*n. Is i a composite number?
True
Let f = -146 + 415. Suppose -f = -2*q + 29. Is q prime?
True
Suppose 0 = -k - 2*k - 15. Is (-